f 1200579?
9
What is the units digit of 7022008?
8
What is the units digit of 506685?
5
What is the tens digit of 13130945?
4
What is the millions digit of 1776916?
1
What is the units digit of 706297?
7
What is the thousands digit of 2180940?
0
What is the hundred thousands digit of 927298?
9
What is the hundreds digit of 30656860?
8
What is the hundred thousands digit of 2544602?
5
What is the ten thousands digit of 154123?
5
What is the units digit of 766699?
9
What is the tens digit of 3148711?
1
What is the ten thousands digit of 532140?
3
What is the units digit of 254449?
9
What is the tens digit of 1122643?
4
What is the tens digit of 32641059?
5
What is the thousands digit of 2053202?
3
What is the hundred thousands digit of 4554414?
5
What is the millions digit of 2087830?
2
What is the ten thousands digit of 3263821?
6
What is the thousands digit of 124408?
4
What is the hundreds digit of 483284?
2
What is the hundreds digit of 2673297?
2
What is the units digit of 923116?
6
What is the ten thousands digit of 204572?
0
What is the hundred thousands digit of 8004393?
0
What is the tens digit of 3310051?
5
What is the units digit of 218164?
4
What is the hundred thousands digit of 922019?
9
What is the hundreds digit of 123868?
8
What is the ten thousands digit of 157415?
5
What is the thousands digit of 21667?
1
What is the hundred thousands digit of 6652834?
6
What is the thousands digit of 910607?
0
What is the units digit of 157382?
2
What is the thousands digit of 439712?
9
What is the units digit of 135075?
5
What is the hundreds digit of 237175?
1
What is the thousands digit of 53942?
3
What is the hundred thousands digit of 231360?
2
What is the thousands digit of 22493347?
3
What is the hundreds digit of 427912?
9
What is the thousands digit of 4768?
4
What is the hundred thousands digit of 5638145?
6
What is the tens digit of 782451?
5
What is the tens digit of 2263550?
5
What is the hundreds digit of 94940?
9
What is the units digit of 40832188?
8
What is the thousands digit of 94828?
4
What is the thousands digit of 5045898?
5
What is the tens digit of 586639?
3
What is the hundred thousands digit of 420914?
4
What is the hundreds digit of 921164?
1
What is the units digit of 12011278?
8
What is the hundred thousands digit of 747727?
7
What is the thousands digit of 82042?
2
What is the hundred thousands digit of 5887325?
8
What is the thousands digit of 4605524?
5
What is the hundreds digit of 8754076?
0
What is the units digit of 1231680?
0
What is the hundred thousands digit of 5852139?
8
What is the tens digit of 7256459?
5
What is the units digit of 612319?
9
What is the units digit of 23488249?
9
What is the units digit of 9550111?
1
What is the ten thousands digit of 522643?
2
What is the units digit of 12000670?
0
What is the tens digit of 1581183?
8
What is the hundreds digit of 45969?
9
What is the hundred thousands digit of 10076349?
0
What is the ten thousands digit of 257985?
5
What is the millions digit of 5632444?
5
What is the ten thousands digit of 16262744?
6
What is the ten thousands digit of 1343612?
4
What is the units digit of 744652?
2
What is the hundreds digit of 898149?
1
What is the tens digit of 9845?
4
What is the tens digit of 223984?
8
What is the hundreds digit of 11339323?
3
What is the hundred thousands digit of 287878?
2
What is the hundreds digit of 6640872?
8
What is the ten thousands digit of 848597?
4
What is the thousands digit of 706977?
6
What is the ten thousands digit of 2436715?
3
What is the ten thousands digit of 19430189?
3
What is the hundreds digit of 4165429?
4
What is the hundred thousands digit of 2485595?
4
What is the ten thousands digit of 363550?
6
What is the tens digit of 14009019?
1
What is the thousands digit of 1569745?
9
What is the tens digit of 49695?
9
What is the tens digit of 7890578?
7
What is the ten millions digit of 24652025?
2
What is the thousands digit of 20258137?
8
What is the hundreds digit of 1871870?
8
What is the tens digit of 103557?
5
What is the thousands digit of 143572?
3
What is the hundreds digit of 153652?
6
What is the thousands digit of 128431?
8
What is the hundred thousands digit of 22255452?
2
What is the tens digit of 2999702?
0
What is the ten thousands digit of 2849946?
4
What is the units digit of 3088774?
4
What is the millions digit of 1623867?
1
What is the thousands digit of 81164?
1
What is the thousands digit of 9064?
9
What is the thousands digit of 94898?
4
What is the units digit of 1320865?
5
What is the ten thousands digit of 119799?
1
What is the ten thousands digit of 4108385?
0
What is the ten thousands digit of 23049246?
4
What is the ten millions digit of 33323325?
3
What is the tens digit of 1569122?
2
What is the ten thousands digit of 300157?
0
What is the hundreds digit of 339088?
0
What is the hundred thousands digit of 227837?
2
What is the hundreds digit of 214298?
2
What is the units digit of 2138216?
6
What is the thousands digit of 2099009?
9
What is the thousands digit of 1696488?
6
What is the units digit of 9104068?
8
What is the units digit of 366248?
8
What is the units digit of 270529?
9
What is the thousands digit of 174216?
4
What is the ten thousands digit of 3021948?
2
What is the hundred thousands digit of 3969786?
9
What is the thousands digit of 867617?
7
What is the thousands digit of 612367?
2
What is the ten thousands digit of 877655?
7
What is the hundreds digit of 310420?
4
What is the hundred thousands digit of 350333?
3
What is the tens digit of 704641?
4
What is the ten thousands digit of 22340?
2
What is the hundred thousands digit of 16408331?
4
What is the hundreds digit of 59657?
6
What is the hundred thousands digit of 2953812?
9
What is the hundreds digit of 385284?
2
What is the units digit of 840587?
7
What is the units digit of 315553?
3
What is the hundred thousands digit of 816478?
8
What is the units digit of 1077708?
8
What is the hundred thousands digit of 7375266?
3
What is the hundred thousands digit of 12998021?
9
What is the tens digit of 2668571?
7
What is the thousands digit of 1247406?
7
What is the hundreds digit of 8421723?
7
What is the millions digit of 1591108?
1
What is the millions digit of 2595882?
2
What is the hundreds digit of 286344?
3
What is the hundred thousands digit of 584497?
5
What is the hundreds digit of 5340177?
1
What is the units digit of 6747015?
5
What is the tens digit of 673519?
1
What is the ten thousands digit of 505247?
0
What is the ten thousands digit of 229736?
2
What is the thousands digit of 11148461?
8
What is the units digit of 5000075?
5
What is the ten millions digit of 21262077?
2
What is the tens digit of 6234286?
8
What is the thousands digit of 5849922?
9
What is the hundred thousands digit of 4499582?
4
What is the tens digit of 141306?
0
What is the ten thousands digit of 100246?
0
What is the ten thousands digit of 508410?
0
What is the units digit of 239877?
7
What is the thousands digit of 634486?
4
What is the thousands digit of 892398?
2
What is the units digit of 2622834?
4
What is the hundred thousands digit of 945074?
9
What is the thousands digit of 6221149?
1
What is the hundreds digit of 3708979?
9
What is the tens digit of 1938135?
3
What is the units digit of 1568306?
6
What is the thousands digit of 8919149?
9
What is the tens digit of 8866319?
1
What is the tens digit of 332648?
4
What is the units digit of 2841933?
3
What is the tens digit of 332792?
9
What is the millions digit of 1200612?
1
What is the tens digit of 685664?
6
What is the units digit of 1178067?
7
What is the units digit of 911640?
0
What is the hundred thousands digit of 143532?
1
What is the thousands digit of 169264?
9
What is the thousands digit of 639890?
9
What is the tens digit of 1512602?
0
What is the units digit of 966941?
1
What is the thousands digit of 1376002?
6
What is the ten thousands digit of 1618984?
1
What is the tens digit of 1467907?
0
What is the tens digit of 140378?
7
What is the tens digit of 228595?
9
What is the hundreds digit of 1939862?
8
What is the units digit of 25737904?
4
What is the hundreds digit of 623243?
2
What is the tens digit of 321070?
7
What is the thousands digit of 1986092?
6
What